 35. Let z be q(13). Let k(h) = 14*h - 5. Let j be k(4). Suppose j*i - z*i = 135. What is the greatest common factor of i and 18?
9
Let f = 245 - 235. Suppose -318 - 872 = -17*n. Calculate the greatest common factor of f and n.
10
Suppose 60*v - 5 = 55*v. Suppose 6*m = 31 - v. Suppose m*g = 65 - 45. Calculate the highest common divisor of g and 1.
1
Suppose -14*u + 2626 = -u. Let o = u + -198. What is the greatest common divisor of o and 14?
2
Suppose 6*g - 222 = 3*g. Let r = g - 72. Suppose r*z = -5*v + 5*z + 156, -4*z + 177 = 5*v. What is the highest common factor of 11 and v?
11
Let o be (-81*(-20)/150)/((-4)/(-690)). Calculate the greatest common factor of 138 and o.
69
Let q be (-26)/(-2) - 11 - (-15 - -2). Let x(u) = -17*u + 264. Let j be x(q). What is the highest common divisor of 495 and j?
9
Let w = 84 + -78. Suppose 0 = -9*h - h. Suppose 7*o = -h*o + 294. What is the highest common divisor of o and w?
6
Suppose 19*i - 16 = 15*i. What is the highest common divisor of i and 92?
4
Let i = 177 - -156. Let s(l) = 26*l + 45. Let w(a) = 13*a + 22. Let d(y) = -6*s(y) + 11*w(y). Let o be d(-5). Calculate the highest common factor of o and i.
37
Let a = 184 + -178. Suppose -5*l + 3*q = -28, a*l + q = 7*l - 4. Calculate the greatest common factor of l and 10.
2
Let o(i) = -115*i - 935. Let g be o(-17). Calculate the greatest common divisor of g and 136.
68
Suppose 0 = 40*w - 61670 - 20090. Calculate the greatest common divisor of w and 112.
28
Let o(r) = r**2 - 19*r + 37. Let n be o(17). Suppose -3*q = -2*k + 2 - 67, n*q + k = 80. Calculate the greatest common factor of q and 5.
5
Let l = -2016 - -2300. What is the highest common divisor of 8 and l?
4
Let v(o) = 27*o + 49. Let k be v(5). Let s = k - 121. Calculate the highest common divisor of 14 and s.
7
Let t(g) = -g**3 - 15*g**2 - 14*g - 9. Let x be t(-8). Let s = x - -359. Calculate the greatest common divisor of s and 441.
7
Let o(i) = 443*i + 3631. Let g be o(6). What is the greatest common factor of 19 and g?
19
Let b be ((-880)/12)/((-200)/720). Calculate the highest common divisor of 165 and b.
33
Suppose -2*u + 5236 = 5*i, 1312 = 3*i - 3*u - 1796. What is the greatest common factor of 60 and i?
12
Suppose -4*i - 4232 = -3*n, 4*i - 1384 = -8*n + 7*n. Suppose 0 = 7*r - 19*r + n. Let g be (-6)/24*13*-4. What is the highest common factor of r and g?
13
Let v(i) = -25*i - 58. Let u be v(-4). Let n = 14 + -11. Suppose -n*y - 28 = -4*y + g, 4*g = 5*y - 140. Calculate the greatest common divisor of y and u.
14
Suppose -232007 + 25969 = -56*b + 157346. Calculate the highest common factor of b and 126.
63
Let v(s) = 32*s + 54. Let z be v(-16). Let u = 530 + z. What is the greatest common divisor of 144 and u?
72
Suppose -4*v - 3*t = -5*v + 12, 5*v - 30 = 5*t. Suppose -v*j - f = -30, f = 4*j + 1 - 41. Calculate the highest common factor of j and 12.
2
Let a be 590 + (11 - 6) + 8. Calculate the highest common divisor of a and 335.
67
Let j = 13353 + -9510. What is the highest common divisor of j and 63?
63
Let l = -35 + 50. Let k(j) = -15*j**3 - j - 1. Suppose -5*n - 3*r + 12 = 2, 4*n - 3*r = -19. Let q be k(n). Calculate the highest common factor of q and l.
15
Let b = 3759 + -3692. Calculate the greatest common divisor of b and 938.
67
Let a(x) = 7*x**2 + 9*x + 8. Let m be a(-2). Suppose -58 - 140 = -m*n. What is the highest common factor of 33 and n?
11
Let y be (-1 + 18)/((-3)/(-12)). Let m = -50 - -53. Suppose 0*v - 4*k + 5 = v, -4*v = -m*k - 77. Calculate the highest common factor of v and y.
17
Let c(k) = 285*k**2 - 38*k + 48. Let v be c(6). Calculate the greatest common factor of v and 45.
45
Let u(n) = -n**3 - 57*n**2 + 179*n - 51. Let b be u(-60). What is the greatest common divisor of b and 1467?
9
Let a(h) = 4*h**3 + 9*h**2 + 23*h - 108. Let y be a(6). Calculate the highest common factor of y and 462.
42
Let d(o) = -o**3 - 3*o**2 + 9*o + 8. Let i be d(-7). Let j = i + 153. What is the greatest common factor of j and 49?
49
Suppose -4*x - 71 = 4*y - 179, 5*x - y - 165 = 0. Let q = 107 - 356. Let o = q + 473. Calculate the highest common divisor of x and o.
32
Suppose 19736 = 12*l - 7252. Calculate the highest common factor of 26 and l.
13
Let j be ((-4)/(-3))/(15/90). Let l be (j - (-204)/18) + (-2)/(-3). What is the greatest common divisor of 50 and l?
10
Suppose 0 = 483*b - 270*b - 11928. Calculate the highest common divisor of b and 3608.
8
Let v be 8/(32/(-236)) + 0 + -1. Let n be 5/(110/v + 2). Let w = 42 - 22. What is the highest common factor of w and n?
10
Let c(z) = 3*z**3 + 23*z**2 - 9*z - 14. Let h be c(-8). Let g be (-1)/(-8) + (110/16 - h). Calculate the highest common factor of 403 and g.
13
Suppose 434 = 28*r - 1946. Calculate the highest common divisor of 1802 and r.
17
Let l be 1 + -1 - (-31 + -2). Let u(h) = -h**2 - 321*h + 104140. Let i be u(199). What is the greatest common factor of i and l?
33
Suppose -a = 5, 0 = 5*s - a - 4364 + 4334. Calculate the greatest common divisor of 26710 and s.
5
Let b = 72 - 84. Let l be (3*14/(-3))/(3/b). Suppose -o + 4 + 3 = 0. Calculate the highest common divisor of o and l.
7
Let v = 7084 + -7059. Calculate the greatest common factor of v and 615.
5
Let p be (-120)/(-35)*(-42)/(-9). Calculate the greatest common factor of p and 868.
4
Let b(g) = -10*g - 30. Let y be b(8). Let m = y + 279. Calculate the highest common divisor of m and 26.
13
Let x = 864 - 808. Calculate the highest common factor of 11032 and x.
56
Let h = 91 + -35. Suppose 141 = -60*n + 805 + 296. Calculate the greatest common factor of h and n.
8
Suppose -l - 4*o = -141, 59*o - 56*o + 678 = 4*l. What is the greatest common divisor of l and 715?
55
Let r(u) = -u**3 + 35*u**2 + 81*u - 205. Let o be r(37). What is the greatest common divisor of 351 and o?
27
Let d(z) = 120*z**2 + 2997*z - 32. Let a be d(-25). What is the greatest common factor of 58 and a?
1
Let m(i) = -i**3 + 7*i**2 - 2*i + 2. Let o be m(8). Let a = o + 88. Let p be (-1 - -1) + a/1. What is the greatest common factor of 15 and p?
5
Let b be (-73766)/(-77) + 0/1 + 4. Calculate the greatest common factor of 234 and b.
26
Let l(z) = -7*z - 5. Let n be l(-5). Let w = -128 + 180. Suppose -w = -5*q + c, 8*q - 36 = 4*q - 2*c. Calculate the highest common factor of n and q.
10
Let b be 20/(-5) - 71/(-1). Suppose -575812 = -318*x - 192304. Calculate the highest common divisor of x and b.
67
Let c be (-1 - 1) + 1 - -92. Let u be 21 - (24/8)/(99/462). Calculate the greatest common factor of u and c.
7
Suppose -4*j - 4 = 8. Let x be 52*14/4*j/(-7). Suppose 9*u - 11*u = -x. Calculate the greatest common factor of u and 13.
13
Let w(y) = 5*y**2 - 4*y + 2. Let b be w(-5). Suppose -4*k - 3*t = -432, 0 = 5*k - 17*t + 14*t - 513. What is the highest common factor of b and k?
21
Let c be (-5)/(85/(-1054)) - ((0 - 3) + 2). What is the greatest common divisor of c and 49?
7
Suppose -34816 = -29*z - 99*z. Calculate the greatest common factor of z and 432.
16
Let g = -515 + 534. Calculate the greatest common factor of g and 6327.
19
Suppose 5*y + 5*k = 23745, -1415*y + 1416*y = 3*k + 4761. Calculate the greatest common factor of y and 33.
33
Let v = 18675 + -18427. What is the highest common divisor of v and 48?
8
Let l be 198/186 - (-10)/(-155). Let m be 1/(2/4 - 0). What is the greatest common factor of l and m?
1
Suppose 2*k + 4*k = 72. Suppose -16 = -4*q + k*q. Let p be (112/(-10) + q)/(3/(-10)). Calculate the greatest common factor of p and 66.
22
Suppose -53 = -3*h + g, 84*g = 85*g + 5. Calculate the greatest common factor of 4976 and h.
16
Let r(o) = 2*o**2 + 9*o - 1. Suppose -2*k + 20 = -6*z + 7*z, -k = -4*z + 44. Let s be r(z). Calculate the greatest common factor of s and 79.
79
Suppose -l = 3*b - 0*b + 21, -39 = 4*l + 3*b. Let w be (-156)/(-11) - l/(-33). Let x = w + 0. Calculate the highest common factor of x and 35.
7
Suppose -u = -4*m + 11, 1 = 100*m - 99*m - 2*u. Suppose -v - 2*w = -5*v + 392, 3*v + 2*w = 301. Calculate the greatest common factor of m and v.
3
Let g(z) = -2*z**3 - 5*z**2 - 3*z - 2. Let s be g(-3). Let r be (-58)/(-8)*(40 - s). Suppose -11*x - 9 + r = 0. What is the highest common factor of 5 and x?
5
Let g(i) = i**2 + 15*i - 29. Let s be g(-17). Suppose 93 = m + 5*x, -5*m - s*x + 360 = 